s the highest common factor of d and n?
9
Let w = 269 - 264. Suppose r = l + 132, 2*r - w*l - 532 = -2*r. Calculate the highest common divisor of r and 2.
2
Suppose -2 + 8 = 2*o. Let i(k) be the third derivative of 47*k**4/24 - 7*k**3/3 - 18*k**2 + 2*k. Let z be i(1). What is the greatest common divisor of o and z?
3
Suppose 2*q = -0*i + 3*i - 305, 5*q + 20 = 0. Let s be (-4)/((24/297)/(-8)). What is the highest common factor of i and s?
99
Suppose -17 = 183*d - 38*d - 597. What is the greatest common divisor of d and 1084?
4
Suppose -83609 = -277*q + 26914. Calculate the greatest common divisor of 651 and q.
21
Suppose 1892758 + 327434 = 468*f. What is the highest common divisor of f and 8?
8
Let l be (-8)/(-14) + (-40851)/(-63) - 1. Calculate the greatest common factor of 504 and l.
72
Suppose -s + 793 = -4*h + 11*h, 0 = 2*s + 2*h - 1646. Calculate the greatest common factor of 84 and s.
12
Suppose -5*p = -3*k - p + 10939, 2*p - 7288 = -2*k. Suppose 5*v + k = 14*v. Calculate the highest common factor of v and 15.
15
Let k(q) be the second derivative of 41*q**4/12 - 9*q**3 + 3*q**2/2 - 53*q - 2. Let m be k(3). What is the highest common divisor of m and 42?
42
Suppose 7*d + 109325 = 34*d - 14902. What is the highest common divisor of d and 107?
107
Let c(x) = -2*x**2 + 3*x**2 - 66 + 13 - 3*x + 5. Let h be c(-7). Calculate the greatest common divisor of 11 and h.
11
Suppose 6*q + 10 = 28. Suppose -2*c - 3*c = -q*n - 24, -3*n = c - 12. Calculate the greatest common divisor of 39 and c.
3
Let q be (-531)/18*-4 - (1 - 7). What is the greatest common divisor of q and 899?
31
Let s be ((-1488)/930)/((-3918)/1305 + 3). What is the highest common divisor of s and 64?
8
Suppose 2*h - 5*h = -132. Let s = 34729 - 34619. What is the highest common divisor of s and h?
22
Let h = -47 - -105. Let p = -35 + 37. Suppose -29 = -s - p*d + 8, 3*s = -3*d + 99. Calculate the highest common divisor of s and h.
29
Suppose 858 = 5*h - 3*m, 3*h + m = -0*h + 512. What is the greatest common factor of h and 19?
19
Suppose 0 = -6*t + 127 - 7. Let y be 3 - (t/5 + -1). Suppose y = v + 3, v - 237 = -3*c + c. Calculate the greatest common divisor of c and 15.
15
Let y(v) = 87*v + 74. Let x be y(14). Suppose -15*l = 4*l - x. What is the highest common divisor of l and 8?
4
Let n be 10 - 8/12*(-2 + 8) - -218. Calculate the highest common divisor of 18256 and n.
112
Let l be ((-42)/(-18) + -2)/(1/18). Let j be 56*9/((l/(-4))/(-1)). Suppose 3*p = -p + j. What is the greatest common factor of 28 and p?
28
Let m(f) = -f**2 - f - 1. Let z be m(-1). Let w be ((-1)/z)/(((-121)/(-1760))/11). What is the greatest common divisor of w and 64?
32
Suppose -27*y = -148*y + 119548. What is the greatest common factor of 57 and y?
19
Let z(v) = -88*v - 3264. Let a be z(-45). Calculate the greatest common factor of 72 and a.
24
Let d be (42/8)/(12/32). Suppose 2*x - 530 - 1121 = -5*k, 0 = 3*k - 5*x - 972. Calculate the highest common divisor of d and k.
7
Suppose 5*a - 18 = 4*a + 2*p, -5*a + 65 = -5*p. Suppose 0 = -10*g + a*g + 90. Calculate the highest common factor of g and 5.
5
Suppose 62*q + 57 = 67*q + 3*m, 5*q - 63 = 3*m. Calculate the greatest common divisor of 393 and q.
3
Suppose 161*n + 44350 - 186352 = 0. Calculate the greatest common divisor of 738 and n.
18
Let v(t) = t**3 - 21*t**2 - 22*t + 26. Let k = 43 - 21. Let u be v(k). What is the highest common factor of 26 and u?
26
Let f(i) = 6*i + 17. Let c(w) = 11*w + 32. Let q(m) = 2*c(m) - 5*f(m). Let u be q(-6). What is the greatest common factor of 117 and u?
9
Suppose h + 3*g = -g + 63, 5*h - 5*g = 315. Suppose 24*a - 17*a - 7 = 0. Let v(q) = 20*q - 11. Let m be v(a). Calculate the highest common divisor of h and m.
9
Let o(t) = -t**3 + 11*t**2 - 9*t - 5. Let j be o(10). Let y be 25 + 120 + (7 - -3). What is the greatest common divisor of y and j?
5
Let s be 168/((1 - 16)/(-30)). Calculate the greatest common factor of s and 420.
84
Suppose -157*x + 4524 = -99*x. What is the highest common divisor of 228 and x?
6
Let l = -10245 - -18214. What is the greatest common factor of 13 and l?
13
Let a be -1 + 0*(-2)/12 + -5. Let b be a*161/(-84)*6. What is the greatest common factor of b and 391?
23
Let t(i) = 4*i**2 + 12*i + 20. Let h be t(-8). Let v = h - 170. Let u = 83 - 43. Calculate the highest common divisor of v and u.
10
Let o be 4/70 - 1046/(-70). Suppose 3*m + 1544 + 256 = -5*a, -4*m = 4*a + 1448. Let w be 2/4 + a/(-6). What is the greatest common divisor of w and o?
15
Let b be 2/8 - 918/24. Let t = b - -63. Calculate the greatest common factor of t and 25.
25
Suppose 0 = 6*i - 3*i - 126. Let z be 119/4 + 102/408. What is the highest common factor of z and i?
6
Let f(i) = 31*i**2 - 21*i - 9. Let o be f(-2). What is the greatest common divisor of o and 15700?
157
Let u = 28584 + -28244. Calculate the highest common divisor of u and 25.
5
Suppose -285 = -28*a + 695. Let q be (10/a)/(3/231). Suppose 3*w = 3*k - 18, -k + 2*w + 22 = -3*w. Calculate the greatest common divisor of k and q.
2
Suppose 20*v + 2*z = 18*v + 18, -5*v = -4*z - 36. What is the greatest common divisor of 1800 and v?
8
Suppose -21*b - 50*b + 1237680 = 91*b. What is the greatest common divisor of b and 80?
40
Let g(l) = -76*l - 147. Let k be g(-6). Calculate the greatest common divisor of 3 and k.
3
Let o = 57 + -41. Let y be (-2)/(-8) - (-188)/o. What is the highest common divisor of y and 228?
12
Let l be (-20)/((-660)/161271) + (-12)/1. Calculate the highest common factor of l and 1365.
195
Let i(m) = m**2 + 5*m - 45. Let o be i(-14). Calculate the highest common factor of 39 and o.
3
Let a(y) = 11*y**2 - 11*y - y**3 - 19 + 0*y**2 - 2*y**2. Let u be a(7). Calculate the highest common divisor of 32 and u.
2
Let x be 147 - (129/(-24) - (-30)/80). Let l be x - ((-28)/(-98) - 2/7). Calculate the greatest common divisor of l and 266.
38
Suppose -108*h + 2180 = 523 - 5471. Let k be (-66)/(-3*(-1)/(-8)). Calculate the highest common divisor of h and k.
22
Suppose -135*d + 7022 = 9*d - 14434. What is the highest common factor of 4321 and d?
149
Suppose -x - 2 = -7. Suppose -5 = -x*p, 3*p - 506 = -4*g + p. Suppose 374*z - 4762 - 1244 = 88*z. What is the highest common divisor of z and g?
21
Suppose -4*x - 5*m + 4289 = -5610, -2*x - 5*m + 4937 = 0. What is the highest common divisor of x and 3?
3
Suppose -38*y + 62*y - 528 = 0. What is the highest common factor of y and 2816?
22
Suppose -u + 42 = u + 2*y, 4*y + 36 = 2*u. Let w = -113 + 118. Suppose w*r = 5*m + 15, -6*m + 11*m = 4*r - 11. What is the highest common divisor of u and r?
4
Let m be -2*(-4)/(-8)*-1*1. Suppose 4*r - 55 + 20 = 5*t, 0 = 5*t + 3*r. Let z be m*(-7)/(7/t). Calculate the greatest common factor of z and 2.
1
Let y = 14876 + -10303. What is the highest common divisor of y and 51?
17
Let r be (-18)/8*((-165)/6 + (-185)/(-222)). What is the greatest common divisor of 3900 and r?
60
Let l = -337 - -393. Suppose -58*x + l*x = -160. What is the highest common divisor of 170 and x?
10
Let o be 2/4 + (-956)/(-8). Suppose 5*u + o = 8*u. Let y = -367 + 375. Calculate the greatest common factor of u and y.
8
Let z(i) = -4*i + 12. Let u be z(-4). Suppose -4*c + 428 = 5*p, -2*p - 3*c + 0*c + 174 = 0. Calculate the highest common factor of p and u.
28
Let o = -1074 + 1161. What is the highest common factor of o and 464?
29
Suppose 3*u = -g + 10, -2*u = -2*g - 3 + 15. Suppose 0 = 4*j + x - 31, 2*x - 16 = j + g*x. What is the greatest common divisor of 144 and j?
9
Let s(b) = b**2 - 21*b + 105. Let j be s(27). What is the greatest common divisor of j and 9?
3
Let m = -4 - -11. Suppose 4*v - m = -p + 2*v, -19 = -2*p - 3*v. Suppose -5*o + 599 = h, 6*o - o - 611 = -4*h. What is the highest common divisor of p and o?
17
Let h be (-666)/444 - 11991/(-2). What is the highest common divisor of h and 222?
222
Suppose -56 + 17 = -3*g. Let r = 393 - 208. Suppose -2*s - y + r = 0, -5*y + 97 = s - 3*y. What is the greatest common factor of g and s?
13
Let a be 18/(-27)*(1 + -9 + 2). Suppose y = -9 + a. Let t(k) = k**3 + 5*k**2 + 4*k + 26. Let j be t(y). What is the greatest common factor of j and 6?
6
Let j = 42 + -36. Suppose 5*s + 3*a = -85, -a = -j*s + 5*s - 25. Let i be (s + 6)/(1 + -3). Calculate the greatest commo